33552
In base 4, what is -110211231211 + 103?
-110211231102
In base 12, what is 5b4 + 5a4?
b98
In base 16, what is 1 - d261d2?
-d261d1
In base 14, what is 99c59 - -3?
99c5c
In base 10, what is -4636 - 31318?
-35954
In base 16, what is -1 + -2c9fa5?
-2c9fa6
In base 10, what is 1239957 - 5?
1239952
In base 11, what is -17962 - 260?
-18112
In base 3, what is 10 + 2221100112222?
2221100120002
In base 6, what is 10053 - 111024?
-100531
In base 13, what is 5 - -117c815b?
117c8163
In base 2, what is 1 + -100111101100011100?
-100111101100011011
In base 16, what is 25 + -6c40f?
-6c3ea
In base 13, what is 259 + -99b3?
-9757
In base 10, what is 2492 - 50060?
-47568
In base 8, what is -213 - 540176?
-540411
In base 15, what is 3da - 2ba3?
-27b8
In base 11, what is -7679 - -3687?
-3aa2
In base 14, what is -97d + 9881?
8d02
In base 13, what is 119 + -17ba8c?
-17b973
In base 10, what is -21695582 - 9?
-21695591
In base 11, what is 1390 + 15110?
164a0
In base 14, what is -15d - 2c069?
-2c1c8
In base 11, what is -548 + 12533?
11a96
In base 14, what is a80 - 1c1a?
-117a
In base 5, what is -1004 + -100432001?
-100433010
In base 10, what is 23 - -202059?
202082
In base 16, what is 224510 - -3?
224513
In base 11, what is -822 - -a17?
1a5
In base 4, what is -30303102011 - 232?
-30303102303
In base 5, what is 14040310 + 10?
14040320
In base 6, what is -314552344 + -4?
-314552352
In base 6, what is -10044 - -1505423?
1455335
In base 6, what is 1230 - -342411?
344041
In base 11, what is 1a31a71 + 4?
1a31a75
In base 9, what is -1640 - -85523?
83773
In base 8, what is -4 + -474307256?
-474307262
In base 13, what is -201a92 + -1c9?
-201c8b
In base 4, what is 11103 + 11020300310?
11020312013
In base 11, what is -1396420 - 94?
-1396504
In base 5, what is -403311301 - -11?
-403311240
In base 3, what is 2010200000200 + -1021?
2010122222102
In base 13, what is 210 - 12765?
-12555
In base 6, what is 1551 + -24551?
-23000
In base 10, what is 1086741 + 5?
1086746
In base 3, what is 102120110101112 + -11?
102120110101101
In base 12, what is -a547a15 - 12?
-a547a27
In base 9, what is 401553 + 38?
401602
In base 2, what is -11011110010010001 + -11010110?
-11011110101100111
In base 10, what is -3 - 124832688?
-124832691
In base 16, what is 13 - -2395e5?
2395f8
In base 10, what is -9847462 + 4?
-9847458
In base 15, what is 2ec4 + 679?
364d
In base 16, what is 6e + 24089?
240f7
In base 8, what is 34 + -1252366?
-1252332
In base 5, what is -143023142 - 320?
-143024012
In base 5, what is 43221244133 - 12?
43221244121
In base 4, what is -230 - -231320303?
231320013
In base 11, what is 34 + 27494?
27518
In base 9, what is 355622252 + -4?
355622247
In base 9, what is 235383 - 37?
235345
In base 11, what is -18a + -1001909?
-1001a98
In base 8, what is 26 + -45265046?
-45265020
In base 10, what is -3786 + -2937?
-6723
In base 2, what is 10011001110011011011001 + 0?
10011001110011011011001
In base 11, what is -236 + 103176?
102a40
In base 6, what is 35041 - -15523?
55004
In base 11, what is -8895 - -187?
-8709
In base 7, what is -5 + 103050061?
103050053
In base 5, what is -230 + -2004240400?
-2004241130
In base 9, what is -16 - -17717606?
17717580
In base 7, what is -432350 - 320?
-433000
In base 9, what is -12001333 - -1?
-12001332
In base 13, what is 19 + -5bcb2b?
-5bcb12
In base 15, what is -4da57 + 2da?
-4d76c
In base 7, what is 33126135234 - 4?
33126135230
In base 4, what is -2 - 13030323312?
-13030323320
In base 14, what is 113a1 - -3a0?
11761
In base 14, what is 258c7b0 - 39?
258c775
In base 7, what is 143655361 + -14?
143655344
In base 6, what is 44353141 + -5?
44353132
In base 7, what is 1664110 + 200?
1664310
In base 16, what is 18f - 1c7d?
-1aee
In base 13, what is -5002 + -99?
-509b
In base 15, what is -231d - 892?
-2bb0
In base 6, what is 153 - 111043251?
-111043054
In base 8, what is 247 + 171421?
171670
In base 6, what is -224220 + 0?
-224220
In base 12, what is 0 + -914102?
-914102
In base 10, what is 706 + -17570?
-16864
In base 7, what is -1 - 4430354243?
-4430354244
In base 3, what is 102111 + 2121001120221?
2121002000102
In base 6, what is -201554024 - 0?
-201554024
In base 6, what is -12 + 215135343?
215135331
In base 11, what is 1a691969 + -43?
1a691926
In base 5, what is -332 + -3301432?
-3302314
In base 2, what is 111 - 11010101000010000?
-11010101000001001
In base 2, what is -100001000100111010001 + 1011?
-100001000100111000110
In base 8, what is 10732 - -10122?
21054
In base 13, what is 58a0a - -16?
58a23
In base 13, what is -10 + -1a0412bc?
-1a0412cc
In base 14, what is c2 + -2ab7?
-29d5
In base 3, what is 12 - 100002122202202?
-100002122202120
In base 5, what is -11 - 104331413?
-104331424
In base 5, what is -2 + -22342303033?
-22342303040
In base 16, what is -f5f28 - 13c?
-f6064
In base 9, what is 1864317 + 33?
1864351
In base 7, what is -54351162 - 100?
-54351262
In base 10, what is -4 + -4480473?
-4480477
In base 14, what is 692 - 26265?
-259b3
In base 10, what is -40 + -9126?
-9166
In base 4, what is 233 + 1311132030?
1311132323
In base 4, what is 11331302321 + -232?
11331302023
In base 12, what is 22a670 - -53?
22a703
In base 5, what is 144410420101 - -4?
144410420110
In base 5, what is -1332440100 + -10?
-1332440110
In base 5, what is 1011220003043 - 4?
1011220003034
In base 5, what is -224342004044 - 1?
-224342004100
In base 9, what is 3050 - -38106?
42156
In base 4, what is 10 + 1301101032233?
1301101032303
In base 16, what is -3 - 1a6cab?
-1a6cae
In base 5, what is 43443 + 32014101?
32113044
In base 13, what is -4c0 + c6a?
77a
In base 11, what is 322637 + 20?
322657
In base 15, what is -2a0dd9 + 2?
-2a0dd7
In base 2, what is 1011100 + 1111111100011000101110?
1111111100011010001010
In base 3, what is 12021201112 + 22020121?
12120222010
In base 9, what is 0 - -121084717?
121084717
In base 14, what is 0 - 654c5d?
-654c5d
In base 7, what is -2 + 4611130?
4611125
In base 11, what is 6417695a - -5?
64176964
In base 7, what is -13 - 21625251?
-21625264
In base 2, what is -1001011 + 1001011000011100010100?
1001011000011011001001
In base 9, what is -11450042 - 6?
-11450048
In base 14, what is 10432 - 17?
10419
In base 3, what is 121 + -110120202120?
-110120201222
In base 6, what is 45310025054 + 3?
45310025101
In base 4, what is 10001112332 - 11?
10001112321
In base 4, what is 11123 - 2033103?
-2021320
In base 6, what is 12 + -321451124?
-321451112
In base 16, what is -16dc69 - 1f?
-16dc88
In base 10, what is -3 - 511656?
-511659
In base 6, what is 20040 + -21111?
-1031
In base 7, what is -22 + -2124113?
-2124135
In base 14, what is 47401a + -1a?
474000
In base 6, what is 3 + 5342444200?
5342444203
In base 11, what is -4582 + 41925?
38353
In base 10, what is -2918 - 8815?
-11733
In base 4, what is -23333130 - -30020?
-23303110
In base 12, what is 2 - -1563b2?
1563b4
In base 16, what is -410 - -1dbe0?
1d7d0
In base 2, what is 1 - -11011000011100101?
11011000011100110
In base 11, what is -114 + 35614?
35500
In base 12, what is 25906946 + -1?
25906945
In base 2, what is 10010000010100 + 1100000101?
10011100011001
In base 11, what is 275534 + -1?
275533
In base 13, what is -b116b57 - 4?
-b116b5b
In base 5, what is -2034 - -120013204?
120011120
In base 15, what is 86e3 - d84?
785e
In base 4, what is 2003 - -10320122?
10322131
In base 4, what is -110 - 3123322001?
-3123322111
In base 2, what is 100 + -10101001010101110101001?
-10101001010101110100101
In base 16, what is -12cfa - -c7?
-12c33
In base 12, what is -134a61175 + -5?
-134a6117a
In base 2, what is 101001 + -110111000011111110?
-110111000011010101
In base 3, what is 2220001020 + -212211?
2212011102
In base 14, what is 262680 - 13b?
262543
In base 12, what is -2816 - -161b0?
13596
In base 9, what is 211 - -232077?
232288
In base 16, what is -110dc6 - -15?
-110db1
In base 11, what is 3 - 65a4456?
-65a4453
In base 9, what is -4 - 124848?
-124853
In base 10, what is -15 + 9844770?
9844755
In base 9, what is 75 - 6858?
-6773
In base 10, what is 4950800 - 169?
4950631
In base 9, what is 307401 + -334?
307056
In base 5, what is -200343342102 - 3?
-200343342110
In base 14, what is -4 + 350b8bd?
350b8b9
In base 3, what is 210211 + 101110211?
102021122
In base 11, what is 284917 - 53?
284874
In base 9, what is -10342